{"id":19,"date":"2025-02-26T23:02:44","date_gmt":"2025-02-26T22:02:44","guid":{"rendered":"http:\/\/galeriedecollections.com\/?page_id=19"},"modified":"2025-03-06T21:54:45","modified_gmt":"2025-03-06T20:54:45","slug":"accueil-de-la-galerie-des-collections","status":"publish","type":"page","link":"https:\/\/galeriedecollections.com\/","title":{"rendered":"Accueil de la galerie des collections"},"content":{"rendered":"\n<p>L&rsquo;id\u00e9e derri\u00e8re ce site est de permettre \u00e0 quelques collectionneurs passionn\u00e9es de partager leurs d\u00e9couvertes, la beaut\u00e9 de leur collection et un peu d&rsquo;histoire et d&rsquo;histoires&#8230; Revenir \u00e0 l&rsquo;origine de l&rsquo;Internet : un lieu de partage, d&rsquo;\u00e9change et de connaissances.<\/p>\n\n\n\n<p><a href=\"http:\/\/galeriedecollections.com\/index.php\/grands-ceramistes\/\" data-type=\"page\" data-id=\"43\">Les grands c\u00e9ramistes<\/a><\/p>\n\n\n\n<p><a href=\"http:\/\/galeriedecollections.com\/index.php\/art-populaire\/\" data-type=\"page\" data-id=\"46\">L&rsquo;art populaire<\/a><\/p>\n\n\n\n<p><a href=\"https:\/\/galeriedecollections.com\/index.php\/automobilia\/\" data-type=\"page\" data-id=\"62\">Automobilia<\/a><\/p>\n\n\n\n<figure class=\"wp-block-image size-large\"><img loading=\"lazy\" decoding=\"async\" width=\"1024\" height=\"407\" src=\"http:\/\/galeriedecollections.com\/wp-content\/uploads\/2025\/02\/pot602-1024x407.jpg\" alt=\"\" class=\"wp-image-37\" srcset=\"https:\/\/galeriedecollections.com\/wp-content\/uploads\/2025\/02\/pot602-1024x407.jpg 1024w, https:\/\/galeriedecollections.com\/wp-content\/uploads\/2025\/02\/pot602-300x119.jpg 300w, https:\/\/galeriedecollections.com\/wp-content\/uploads\/2025\/02\/pot602-768x305.jpg 768w, https:\/\/galeriedecollections.com\/wp-content\/uploads\/2025\/02\/pot602.jpg 1168w\" sizes=\"auto, (max-width: 1024px) 100vw, 1024px\" \/><\/figure>\n\n\n\n<p>Si vous \u00eates collectionneurs et que le projet vous int\u00e9resse vous pouvez me contacter par mail afin que l&rsquo;on en discute&#8230;<\/p>\n\n\n\n<p>Contactez nous par mail : <a href=\"mailto:contact@galeriedecollections.com\">contact@galeriedecollections.com<\/a><\/p>\n\n\n\n<p><\/p>\n","protected":false},"excerpt":{"rendered":"<p>L&rsquo;id\u00e9e derri\u00e8re ce site est de permettre \u00e0 quelques collectionneurs passionn\u00e9es de partager leurs d\u00e9couvertes, la beaut\u00e9 de leur collection et un peu d&rsquo;histoire et&hellip;<\/p>\n","protected":false},"author":1,"featured_media":0,"parent":0,"menu_order":0,"comment_status":"closed","ping_status":"closed","template":"","meta":{"footnotes":""},"class_list":["post-19","page","type-page","status-publish","hentry"],"_links":{"self":[{"href":"https:\/\/galeriedecollections.com\/index.php\/wp-json\/wp\/v2\/pages\/19","targetHints":{"allow":["GET"]}}],"collection":[{"href":"https:\/\/galeriedecollections.com\/index.php\/wp-json\/wp\/v2\/pages"}],"about":[{"href":"https:\/\/galeriedecollections.com\/index.php\/wp-json\/wp\/v2\/types\/page"}],"author":[{"embeddable":true,"href":"https:\/\/galeriedecollections.com\/index.php\/wp-json\/wp\/v2\/users\/1"}],"replies":[{"embeddable":true,"href":"https:\/\/galeriedecollections.com\/index.php\/wp-json\/wp\/v2\/comments?post=19"}],"version-history":[{"count":6,"href":"https:\/\/galeriedecollections.com\/index.php\/wp-json\/wp\/v2\/pages\/19\/revisions"}],"predecessor-version":[{"id":272,"href":"https:\/\/galeriedecollections.com\/index.php\/wp-json\/wp\/v2\/pages\/19\/revisions\/272"}],"wp:attachment":[{"href":"https:\/\/galeriedecollections.com\/index.php\/wp-json\/wp\/v2\/media?parent=19"}],"curies":[{"name":"wp","href":"https:\/\/api.w.org\/{rel}","templated":true}]}}