{"id":43,"date":"2025-02-26T23:39:42","date_gmt":"2025-02-26T22:39:42","guid":{"rendered":"http:\/\/galeriedecollections.com\/?page_id=43"},"modified":"2025-03-16T17:41:32","modified_gmt":"2025-03-16T16:41:32","slug":"grands-ceramistes","status":"publish","type":"page","link":"https:\/\/galeriedecollections.com\/index.php\/grands-ceramistes\/","title":{"rendered":"Grands c\u00e9ramistes"},"content":{"rendered":"\n<p><\/p>\n\n\n\n<ul class=\"wp-block-list\">\n<li><a href=\"http:\/\/galeriedecollections.com\/index.php\/bienvenue-a-galerie-de-collections\/\" data-type=\"page\" data-id=\"13\">Paul Ami Bonifas<\/a><\/li>\n\n\n\n<li><a href=\"http:\/\/galeriedecollections.com\/index.php\/dans-la-famille-des-grands-ceramistes-paul-jacquet\/\" data-type=\"page\" data-id=\"31\">Paul Jacquet<\/a><\/li>\n\n\n\n<li>\u00c9<a href=\"https:\/\/galeriedecollections.com\/index.php\/simonod\/\" data-type=\"page\" data-id=\"255\">mile Simonod<\/a><\/li>\n\n\n\n<li><a href=\"https:\/\/galeriedecollections.com\/index.php\/dans-la-famille-des-grands-ceramistes-ryb\/\" data-type=\"page\" data-id=\"240\">Yves et Suzanne Rybczynski couple de potier<\/a><\/li>\n\n\n\n<li><a href=\"https:\/\/galeriedecollections.com\/index.php\/joseph-regat\/\" data-type=\"page\" data-id=\"376\">Joseph Regat<\/a><\/li>\n\n\n\n<li><a href=\"https:\/\/galeriedecollections.com\/index.php\/dans-la-famille-des-grands-ceramistes-johannel\/\" data-type=\"page\" data-id=\"248\">Johannel<\/a><\/li>\n\n\n\n<li>Felix Faure :<a href=\"https:\/\/antiquitesmaillot.fr\/la-poterie-du-neron-1924-1944\/?fbclid=PAZXh0bgNhZW0CMTEAAaYlsBBEcT6p_cY7INK_I-GICJ5al-yb4liRDarIDo76NslQg48h6dVvYQc_aem_v9ugKTnBDyg5g_47IOYgEA\" data-type=\"link\" data-id=\"https:\/\/antiquitesmaillot.fr\/la-poterie-du-neron-1924-1944\/?fbclid=PAZXh0bgNhZW0CMTEAAaYlsBBEcT6p_cY7INK_I-GICJ5al-yb4liRDarIDo76NslQg48h6dVvYQc_aem_v9ugKTnBDyg5g_47IOYgEA\"> La poterie du N\u00e9ron (1924-1944)<\/a><\/li>\n<\/ul>\n\n\n\n<figure class=\"wp-block-gallery has-nested-images columns-default is-cropped wp-block-gallery-1 is-layout-flex wp-block-gallery-is-layout-flex\">\n<figure class=\"wp-block-image size-large\"><a href=\"https:\/\/galeriedecollections.com\/index.php\/simonod\/\"><img loading=\"lazy\" decoding=\"async\" width=\"768\" height=\"1024\" data-id=\"256\" src=\"https:\/\/galeriedecollections.com\/wp-content\/uploads\/2025\/03\/IMG_5834-768x1024.jpg\" alt=\"\" class=\"wp-image-256\" srcset=\"https:\/\/galeriedecollections.com\/wp-content\/uploads\/2025\/03\/IMG_5834-768x1024.jpg 768w, https:\/\/galeriedecollections.com\/wp-content\/uploads\/2025\/03\/IMG_5834-225x300.jpg 225w, https:\/\/galeriedecollections.com\/wp-content\/uploads\/2025\/03\/IMG_5834-1152x1536.jpg 1152w, https:\/\/galeriedecollections.com\/wp-content\/uploads\/2025\/03\/IMG_5834-1536x2048.jpg 1536w, https:\/\/galeriedecollections.com\/wp-content\/uploads\/2025\/03\/IMG_5834-scaled.jpg 1920w\" sizes=\"auto, (max-width: 768px) 100vw, 768px\" \/><\/a><figcaption class=\"wp-element-caption\">Sign\u00e9 Simonod<\/figcaption><\/figure>\n\n\n\n<figure class=\"wp-block-image size-large\"><a href=\"https:\/\/galeriedecollections.com\/index.php\/dans-la-famille-des-grands-ceramistes-johannel\/\"><img loading=\"lazy\" decoding=\"async\" width=\"768\" height=\"1024\" data-id=\"249\" src=\"https:\/\/galeriedecollections.com\/wp-content\/uploads\/2025\/03\/IMG_5860-768x1024.jpg\" alt=\"\" class=\"wp-image-249\" srcset=\"https:\/\/galeriedecollections.com\/wp-content\/uploads\/2025\/03\/IMG_5860-768x1024.jpg 768w, https:\/\/galeriedecollections.com\/wp-content\/uploads\/2025\/03\/IMG_5860-225x300.jpg 225w, https:\/\/galeriedecollections.com\/wp-content\/uploads\/2025\/03\/IMG_5860-1152x1536.jpg 1152w, https:\/\/galeriedecollections.com\/wp-content\/uploads\/2025\/03\/IMG_5860-1536x2048.jpg 1536w, https:\/\/galeriedecollections.com\/wp-content\/uploads\/2025\/03\/IMG_5860-scaled.jpg 1920w\" sizes=\"auto, (max-width: 768px) 100vw, 768px\" \/><\/a><figcaption class=\"wp-element-caption\">Sign\u00e9 Johannel<\/figcaption><\/figure>\n\n\n\n<figure class=\"wp-block-image size-large\"><a href=\"https:\/\/galeriedecollections.com\/index.php\/dans-la-famille-des-grands-ceramistes-ryb\/\"><img loading=\"lazy\" decoding=\"async\" width=\"768\" height=\"1024\" data-id=\"244\" src=\"https:\/\/galeriedecollections.com\/wp-content\/uploads\/2025\/03\/IMG_5868-768x1024.jpg\" alt=\"\" class=\"wp-image-244\" srcset=\"https:\/\/galeriedecollections.com\/wp-content\/uploads\/2025\/03\/IMG_5868-768x1024.jpg 768w, https:\/\/galeriedecollections.com\/wp-content\/uploads\/2025\/03\/IMG_5868-225x300.jpg 225w, https:\/\/galeriedecollections.com\/wp-content\/uploads\/2025\/03\/IMG_5868-1152x1536.jpg 1152w, https:\/\/galeriedecollections.com\/wp-content\/uploads\/2025\/03\/IMG_5868-1536x2048.jpg 1536w, https:\/\/galeriedecollections.com\/wp-content\/uploads\/2025\/03\/IMG_5868-scaled.jpg 1920w\" sizes=\"auto, (max-width: 768px) 100vw, 768px\" \/><\/a><figcaption class=\"wp-element-caption\">Sign\u00e9 Ryb<\/figcaption><\/figure>\n\n\n\n<figure class=\"wp-block-image size-large\"><a href=\"https:\/\/galeriedecollections.com\/index.php\/bienvenue-a-galerie-de-collections\/\"><img loading=\"lazy\" decoding=\"async\" width=\"768\" height=\"1024\" data-id=\"188\" src=\"https:\/\/galeriedecollections.com\/wp-content\/uploads\/2025\/02\/bonifas5-1-768x1024.jpg\" alt=\"\" class=\"wp-image-188\" srcset=\"https:\/\/galeriedecollections.com\/wp-content\/uploads\/2025\/02\/bonifas5-1-768x1024.jpg 768w, https:\/\/galeriedecollections.com\/wp-content\/uploads\/2025\/02\/bonifas5-1-225x300.jpg 225w, https:\/\/galeriedecollections.com\/wp-content\/uploads\/2025\/02\/bonifas5-1-1152x1536.jpg 1152w, https:\/\/galeriedecollections.com\/wp-content\/uploads\/2025\/02\/bonifas5-1-1536x2048.jpg 1536w, https:\/\/galeriedecollections.com\/wp-content\/uploads\/2025\/02\/bonifas5-1-scaled.jpg 1920w\" sizes=\"auto, (max-width: 768px) 100vw, 768px\" \/><\/a><figcaption class=\"wp-element-caption\">Sign\u00e9 Bonifas<\/figcaption><\/figure>\n\n\n\n<figure class=\"wp-block-image size-large\"><a href=\"dans-la-famille-des-grands-ceramistes-paul-jacquet\"><img loading=\"lazy\" decoding=\"async\" width=\"768\" height=\"1024\" data-id=\"163\" src=\"https:\/\/galeriedecollections.com\/wp-content\/uploads\/2025\/02\/jacquet107-768x1024.jpg\" alt=\"\" class=\"wp-image-163\" srcset=\"https:\/\/galeriedecollections.com\/wp-content\/uploads\/2025\/02\/jacquet107-768x1024.jpg 768w, https:\/\/galeriedecollections.com\/wp-content\/uploads\/2025\/02\/jacquet107-225x300.jpg 225w, https:\/\/galeriedecollections.com\/wp-content\/uploads\/2025\/02\/jacquet107-1152x1536.jpg 1152w, https:\/\/galeriedecollections.com\/wp-content\/uploads\/2025\/02\/jacquet107-1536x2048.jpg 1536w, https:\/\/galeriedecollections.com\/wp-content\/uploads\/2025\/02\/jacquet107-scaled.jpg 1920w\" sizes=\"auto, (max-width: 768px) 100vw, 768px\" \/><\/a><figcaption class=\"wp-element-caption\">Sign\u00e9 Jacquet<\/figcaption><\/figure>\n<\/figure>\n\n\n\n<p>Un grand nombre de c\u00e9ramistes a travaill\u00e9 en Savoie et en Haute-Savoie au si\u00e8cle dernier. Inspir\u00e9s par les arts-d\u00e9cos ou les Arts Nouveaux, par les montagnes et la nature, chacun dans son style a cr\u00e9\u00e9 un \u0153uvre singuli\u00e8re qui a su nous s\u00e9duire. <\/p>\n\n\n\n<p>Vous pouvez nous contacter par mail : <a href=\"mailto:contact@galeriedecollections.com\">contact@galeriedecollections.com<\/a> <\/p>\n\n\n\n<p><\/p>\n","protected":false},"excerpt":{"rendered":"<p>Un grand nombre de c\u00e9ramistes a travaill\u00e9 en Savoie et en Haute-Savoie au si\u00e8cle dernier. Inspir\u00e9s par les arts-d\u00e9cos ou les Arts Nouveaux, par les&hellip;<\/p>\n","protected":false},"author":1,"featured_media":0,"parent":0,"menu_order":0,"comment_status":"closed","ping_status":"closed","template":"","meta":{"footnotes":""},"class_list":["post-43","page","type-page","status-publish","hentry"],"_links":{"self":[{"href":"https:\/\/galeriedecollections.com\/index.php\/wp-json\/wp\/v2\/pages\/43","targetHints":{"allow":["GET"]}}],"collection":[{"href":"https:\/\/galeriedecollections.com\/index.php\/wp-json\/wp\/v2\/pages"}],"about":[{"href":"https:\/\/galeriedecollections.com\/index.php\/wp-json\/wp\/v2\/types\/page"}],"author":[{"embeddable":true,"href":"https:\/\/galeriedecollections.com\/index.php\/wp-json\/wp\/v2\/users\/1"}],"replies":[{"embeddable":true,"href":"https:\/\/galeriedecollections.com\/index.php\/wp-json\/wp\/v2\/comments?post=43"}],"version-history":[{"count":12,"href":"https:\/\/galeriedecollections.com\/index.php\/wp-json\/wp\/v2\/pages\/43\/revisions"}],"predecessor-version":[{"id":419,"href":"https:\/\/galeriedecollections.com\/index.php\/wp-json\/wp\/v2\/pages\/43\/revisions\/419"}],"wp:attachment":[{"href":"https:\/\/galeriedecollections.com\/index.php\/wp-json\/wp\/v2\/media?parent=43"}],"curies":[{"name":"wp","href":"https:\/\/api.w.org\/{rel}","templated":true}]}}